at is the highest common divisor of d and 12?
12
Let o = 353 - 259. What is the highest common divisor of o and 94?
94
Let i(x) = -x + 19. Let w be i(7). Suppose -3*d = 5*o - 7*d - w, 0 = -4*o - 2*d + 20. Calculate the highest common factor of o and 36.
4
Let h(d) = d**2 - 5*d - 11. Let j be h(-6). Calculate the highest common divisor of 20 and j.
5
Let j(q) = -q**2 - 5*q + 10. Let n be j(-7). Let s = 52 + -44. Let y be 0 + s/n - -47. Calculate the highest common factor of 18 and y.
9
Let t(i) be the second derivative of i**5/20 - 2*i**4/3 + i**3/6 - i**2/2 + 17*i. Let h be t(8). What is the highest common divisor of 56 and h?
7
Let f(m) = 4*m**2 - 2*m - 2. Let w = 18 - 11. Suppose w*c - 4 = 5*c. Let n be f(c). Calculate the highest common divisor of n and 5.
5
Let g(p) = 2*p - 28. Let r be g(16). Let t = 24 - r. What is the greatest common divisor of t and 100?
20
Let r be 12/(-3) + 1 + 273. Suppose 5*f = 4*f + r. Calculate the highest common factor of 30 and f.
30
Suppose -2*d + 20 = 5*r - 0*d, 3*d - 16 = -4*r. Suppose 5*s = -2*a + 121, 5*a - 56 = -r*s + 51. Calculate the highest common factor of 23 and s.
23
Suppose -28*w - 32 = -29*w. What is the highest common factor of w and 512?
32
Let z be 6/24 - (-143)/4. Let a be 2346/z - (-3)/(-18). Calculate the highest common divisor of 10 and a.
5
Let u(q) = -26*q - 10. Let k be u(-1). Let v = -68 - -116. What is the greatest common factor of k and v?
16
Let f be (7/(-21))/(1/(-9)) + 152. Calculate the greatest common divisor of f and 10.
5
Suppose 11*a - 183 = -3*j + 16*a, 0 = 4*a - 12. Calculate the greatest common factor of 198 and j.
66
Let g = 639 + -552. Calculate the greatest common factor of g and 29.
29
Suppose 0 = -7*c + 119 + 28. Let q be (3/((-24)/10))/(c/(-3276)). Calculate the greatest common divisor of q and 78.
39
Suppose 4*a - q = -24, -2*a = 4*q - 3*q + 18. Let j = 21 + a. Suppose -3*w + 38 - j = 0. Calculate the highest common factor of w and 40.
8
Suppose -l + 23 = -3. What is the greatest common divisor of 26 and l?
26
Let j be (-12)/36 - 8/(-6). Let l be j + (0 - (3 - 4)). Suppose 4*p = -l*p + 1392. What is the highest common divisor of 29 and p?
29
Suppose -z = -4*v + 399, -3*z = 4*v - 8*z - 411. Let g = 3 - -8. What is the highest common factor of v and g?
11
Let d(x) = -245 - 5*x**3 - 4*x + 4*x**3 + 2*x**2 + 236 + 5*x**2. Let s be d(6). Suppose -2*q = -5*q + 63. What is the greatest common divisor of q and s?
3
Let s(k) = -k**3 + 60*k**2 - 56*k + 61. Let m be s(59). Calculate the highest common factor of m and 14.
14
Let t = -1 - 0. Let f be ((-3)/4)/(t/(-28)). Let x = f - -43. Calculate the greatest common divisor of 11 and x.
11
Suppose -6*f - 2*f = -320. Suppose -2*m + 4*a - 96 = -6*m, 3*m - 5*a = f. Calculate the highest common divisor of 100 and m.
20
Let p(j) = 362*j - 5. Let r be p(1). Suppose 3*i - r + 117 = 0. Calculate the highest common divisor of 16 and i.
16
Let c = -137 - -75. Let p be (-18)/12 - 195/6. Let u = p - c. What is the greatest common divisor of 140 and u?
28
Let n be (-1)/(-3) + (-285)/(-9). Suppose -49*v + 100 - 2 = 0. Suppose -2*p - v*p + n = 0. What is the greatest common factor of p and 40?
8
Let k be (33/12)/((-2)/(-40)). Let q = -5 - -10. Suppose 4*u + 2 = 3*b - 5, -10 = -q*u. What is the highest common divisor of b and k?
5
Suppose 0 = 3*c + c. Suppose -2*m - 222 = 5*b - 899, c = -3*m + 3. What is the highest common factor of 15 and b?
15
Let d = -423 + 426. Calculate the greatest common factor of 21 and d.
3
Suppose -5*t = -t. Suppose c + 3*a + 12 = t, 5*a + 4 = -21. Suppose -56 = -p - c*p. What is the greatest common divisor of 35 and p?
7
Suppose 3*s - 21 + 1 = y, -4 = -s + 3*y. What is the greatest common divisor of 91 and s?
7
Let m = -116 + 107. Let z = -5 - 1. Let q be 2/(-3)*(m - z). What is the greatest common divisor of q and 22?
2
Let q(m) = 13*m + 18. Let g be q(-4). Let v = g + 50. Calculate the highest common divisor of v and 4.
4
Let g(r) = 120*r - 31. Let z be g(2). Calculate the greatest common factor of 38 and z.
19
Let u = -294 + 502. What is the highest common divisor of u and 16?
16
Let s be 2*((-15)/3 - (-342)/4). Calculate the greatest common factor of 92 and s.
23
Suppose 5*p + 168 = 19*p. What is the greatest common divisor of p and 960?
12
Let t(l) = -l**2 + 5*l - 8 + 0*l - 2*l + 2*l**2. Let o be t(-6). Let f be 68 + -4*3/(-6). What is the greatest common factor of f and o?
10
Suppose 51*s - 1224 - 3417 = 0. Calculate the highest common divisor of 39 and s.
13
Suppose 2*u + 75 = 3*w + 143, 2*u - 54 = -4*w. What is the highest common factor of u and 124?
31
Suppose 4*i - 7*i + 48 = 0. Suppose -1 = z + i. Let a = 20 + z. What is the greatest common divisor of a and 27?
3
Suppose -264 = -5*f - 2*t, -97*t + 94*t - 254 = -5*f. Calculate the greatest common factor of 364 and f.
52
Let q(m) = -5*m**3 + 5*m - 5. Let o be q(2). Let z = o + 182. Calculate the greatest common factor of z and 21.
21
Suppose -2*u - 3*a + 99 = 0, -3 = -5*a + 2. What is the highest common factor of u and 1128?
24
Let w = 250 + 294. Calculate the highest common divisor of 51 and w.
17
Let i(p) = -2*p**2 + 36*p - 31. Let v be i(17). Suppose 97 = 3*j - 4*o, 4 - 35 = -j + o. Calculate the greatest common divisor of j and v.
3
Let s be -3*6/9*-1*16. Suppose 3*m - 4*n = 479, -2*m + 294 + s = -4*n. Calculate the highest common factor of m and 17.
17
Suppose -3*m - 3336 = -3348. What is the highest common divisor of 1412 and m?
4
Let s = 6 - 1. Let z(j) = 3*j**2 - 30*j + 15. Let h be z(10). Calculate the highest common divisor of s and h.
5
Let g(c) = 37*c**2 - 3*c - 1. Let z be g(-3). What is the greatest common factor of z and 22?
11
Let c(d) = -3*d - 5. Let s be c(-5). Let y = -6 + s. Calculate the highest common divisor of y and 12.
4
Let t(k) = -2*k**2 + 26*k + 12. Let w be t(13). Let i(h) = -30 - 33 + 69 + 8*h. Let n be i(3). What is the greatest common divisor of w and n?
6
Let a = 21 - 24. Let h be 0/4*a/(-3). Suppose -2*k + 52 = y, h = 5*y - y - 5*k - 156. Calculate the highest common divisor of y and 4.
4
Let y(z) = z**3 + 22*z**2 - 10*z + 92. Let s be y(-19). Calculate the greatest common divisor of s and 35.
35
Let y(k) = -k + 11. Let r be y(5). Suppose -r*l - 6 = -l - 2*f, 5*f = -5*l + 15. Suppose -6*b + 0*b + 18 = l. Calculate the highest common divisor of 27 and b.
3
Let m be 21 + (2 + 0)/(-2). Suppose 368 - 688 = -2*f. What is the highest common divisor of m and f?
20
Let c be 28/(2/5 + 0). Suppose -4*q + 3 - 15 = 0. Let h be (21/q)/((-2)/4). What is the highest common factor of h and c?
14
Let u(b) = -8*b + 2. Let m(n) = n**3 + 253 - n + n**2 - 253. Let w be m(-2). Let a be u(w). What is the highest common factor of a and 2?
2
Let p = 406 + -362. Calculate the highest common divisor of 704 and p.
44
Let w = -260 + 270. Calculate the greatest common divisor of 2610 and w.
10
Let c(k) = k**3 + 8*k**2 + 4*k + 1. Let g be 2 - (1 + -1) - (-3 - -10). Let o be c(g). Calculate the greatest common divisor of 14 and o.
14
Let d = -930 + 960. Let f = 506 + -296. Calculate the greatest common divisor of d and f.
30
Suppose 2*s - s = 1. Suppose 4*m + s = -3. Let j = 17 - m. What is the greatest common divisor of j and 9?
9
Let t = 1352 + -1348. Suppose 0 = -j + 4*j - 96. Calculate the greatest common divisor of j and t.
4
Suppose f = -3*t + 53 + 26, -t + 2*f = -24. Calculate the highest common factor of t and 1300.
26
Let x = 70 + 667. What is the greatest common factor of x and 11?
11
Let g be (48/(-108))/((-4)/72). Calculate the highest common factor of g and 20.
4
Let k be (-84)/16*(-72)/54. Calculate the greatest common factor of 119 and k.
7
Let s be (-8 + 2)*232/(-16). Let x = s - 56. Calculate the highest common factor of x and 124.
31
Suppose -n + 507 - 187 = 0. What is the greatest common divisor of n and 20?
20
Let p be 386/18 + 228/(-513). What is the greatest common factor of p and 147?
21
Let l(x) = 16*x + 4. Let d(j) be the second derivative of j**3/3 - 9*j**2/2 - 2*j. Let c be d(6). Let q be l(c). What is the highest common divisor of 13 and q?
13
Let y = 1492 - 751. What is the greatest common factor of y and 39?
39
Suppose -4*z - 16 = -m + 18, -3*z - 15 = 0. Suppose 47 = s + 3*q - 12, 278 = 5*s - 2*q. Calculate the greatest com